{"id":8,"date":"2013-11-11T19:34:13","date_gmt":"2013-11-11T17:34:13","guid":{"rendered":"http:\/\/127.0.0.1\/mediagents\/?page_id=8"},"modified":"2022-01-20T14:54:07","modified_gmt":"2022-01-20T12:54:07","slug":"yhteystiedot","status":"publish","type":"page","link":"http:\/\/mediagents.fi\/mediagents\/yhteystiedot\/","title":{"rendered":"Yhteystiedot"},"content":{"rendered":"<h6 style=\"text-align: center;\">L\u00f6yd\u00e4t Mediagentsit Oulunkyl\u00e4st\u00e4, aivan juna-aseman vierest\u00e4<\/h6>\n<div style=\"text-align: center;\">\n<p><strong>Monimediatalo Mediagents Oy<\/strong><br \/>\n<strong> Larin Ky\u00f6stin tie 7<\/strong><br \/>\n<strong> 00650 Helsinki<\/strong><br \/>\nY-tunnus: 1617185-9<\/p>\n<\/div>\n<div>\n<p style=\"text-align: center;\"><b><a href=\"http:\/\/mediagents.fi\/mediagents\/wp-content\/uploads\/2013\/11\/kuvakompassi.jpg\"><img loading=\"lazy\" class=\"alignnone size-full wp-image-87\" src=\"http:\/\/mediagents.fi\/mediagents\/wp-content\/uploads\/2013\/11\/kuvakompassi.jpg\" alt=\"kuvakompassi\" width=\"280\" height=\"225\" \/><\/a>\u00a0<\/b><\/p>\n<p style=\"text-align: center;\">***<\/p>\n<p style=\"text-align: center;\"><strong>&#8221;TIETOA JA PL\u00c4N\u00c4YST\u00c4&#8221;<\/strong><\/p>\n<p style=\"text-align: center;\"><strong>Jukka-Pekka Siberg<\/strong><br \/>\nhallinto, tuottaja<br \/>\n+358 44 368 6388<br \/>\njukka-pekka.siberg ( at ) mediagents.fi<\/p>\n<p style=\"text-align: center;\"><strong>Thelma Siberg<br \/>\n<\/strong>n\u00e4yttelij\u00e4, tuotantoasistentti ja apulaistuottaja<br \/>\n+358 400 754 824<br \/>\nthelma.siberg ( at ) mediagents.fi<\/p>\n<p style=\"text-align: center;\"><strong>Petri Uula Enbuske<br \/>\n<\/strong>valaiseva kuvaaja, kuvaussuunnittelija<br \/>\n+358 400 437923<br \/>\nuula.enbuske\u00a0( at ) mediagents.fi<br \/>\n<a href=\"http:\/\/www.imdb.com\/name\/nm0256131\/?ref_=fn_al_nm_1\" target=\"_blank\" rel=\"noopener\"><span style=\"color: #0000ff;\">Katso lis\u00e4\u00e4:\u00a0IMDb<\/span><\/a><\/p>\n<p style=\"text-align: center;\"><strong>Petri Hyryl\u00e4inen<br \/>\n<\/strong>valaiseva kuvaaja, kuvaussuunnittelija<br \/>\n+358 40\u00a05597122<br \/>\npetri.hyrylainen ( at ) mediagents.fi<br \/>\n<span style=\"color: #0000ff;\"><a style=\"color: #0000ff;\" href=\"http:\/\/www.imdb.com\/name\/nm0405307\/?ref_=nmbio_bio_nm\" target=\"_blank\" rel=\"noopener\">Katso lis\u00e4\u00e4: IMDb<\/a><\/span><\/p>\n<p style=\"text-align: center;\"><strong>Ole Carlsson<br \/>\n<\/strong>tuotantomestari, studio-ohjaaja<br \/>\n+358 400 728631<br \/>\nole.carlsson\u00a0( at ) mediagents.fi<\/p>\n<p style=\"text-align: center;\"><strong>Pertti Puikkonen<br \/>\n<\/strong>k\u00e4ytt\u00f6mestari, kuvatarkkailija<br \/>\n+358 40 8302860<br \/>\npertti.puikkonen ( at ) mediagents.fi<\/p>\n<p style=\"text-align: center;\"><strong>Riikka Kyt\u00f6nen<br \/>\n<\/strong>lavastussuunnittelu<br \/>\nkuvank\u00e4sittely, 3D-mallinnus, virtuaalimallinnus<br \/>\n+358 50 4023651<br \/>\nriikka.kytonen ( at ) mediagents.fi<\/p>\n<p style=\"text-align: center;\"><strong>Firania Ali<br \/>\n<\/strong>studioem\u00e4nt\u00e4, catering<br \/>\n+358\u00a050 5347458<br \/>\nfirania.ali\u00a0( at ) mediagents.fi<\/p>\n<p style=\"text-align: center;\">***<\/p>\n<p style=\"text-align: center;\"><strong>&#8221;KOULUTUSTA&#8221;<\/strong><\/p>\n<p style=\"text-align: center;\"><strong>Tarmo Ropponen<\/strong><br \/>\ntoimittaja, tuottaja<br \/>\n+358 40 5059787<br \/>\ntarmo.ropponen ( at ) mediagents.fi<\/p>\n<p style=\"text-align: center;\">***<\/p>\n<p style=\"text-align: center;\"><strong>&#8221;\u00c4\u00c4NT\u00c4 JA MUSAA&#8221;<\/strong><\/p>\n<p style=\"text-align: center;\"><strong>Jyrki Saarinen<\/strong><br \/>\nmuusikko<br \/>\n+358 400 426636<br \/>\njyrki.saarinen\u00a0( at ) mediagents.fi<\/p>\n<p style=\"text-align: center;\"><strong>Tuomas Kyt\u00f6niemi<\/strong><br \/>\n\u00e4\u00e4nitt\u00e4j\u00e4<br \/>\n+358 50\u00a03506568<br \/>\ntuomas.kytoniemi\u00a0( at ) mediagents.fi<\/p>\n<p style=\"text-align: center;\">***<\/p>\n<p style=\"text-align: center;\"><strong>&#8221;VIDEOITA JA KUVAA&#8221;<\/strong><\/p>\n<div style=\"color: #000000;\" align=\"center\">\n<div style=\"color: #000000;\" align=\"center\"><span style=\"color: #111111;\"><span style=\"font-family: Tahoma;\"><strong>Virve Kettunen<\/strong><\/span><\/span><\/div>\n<div style=\"color: #000000;\" align=\"center\">monikameraohjaus, kuvamikseri,\u00a0kuvaaja<br \/>\nkamera op, editointi<br \/>\n+358\u00a0400 813086<br \/>\nvirve.kettunen\u00a0( at ) mediagents.fi<\/div>\n<div style=\"color: #000000;\" align=\"center\"><\/div>\n<\/div>\n<div style=\"color: #000000;\" align=\"center\"><span style=\"color: #111111;\"><span style=\"font-family: Tahoma;\"><strong>Anne Miettinen<\/strong><\/span><\/span><\/div>\n<div style=\"color: #000000;\" align=\"center\">ohjaaja (my\u00f6s CuePilot)<br \/>\nkuvamikseri, studio-ohjaaja<br \/>\n+358 500 809603<br \/>\nanne.miettinen ( at ) mediagents.fi<\/div>\n<p style=\"text-align: center;\"><strong>Kirsi Markkanen<\/strong><br \/>\nfreelancer toimittaja, k\u00e4sikirjoittaja, ohjaaja<br \/>\n+358 44 5215277<br \/>\nkirsi.markkanen\u00a0( at ) mediagents.fi<\/p>\n<p style=\"text-align: center;\"><strong>Tiina Penttinen<br \/>\n<\/strong>kuvamikseri, kuvaussihteeri,\u00a0editointi<br \/>\n+358 50 3608542<br \/>\ntiina.penttinen\u00a0( at ) mediagents.fi<\/p>\n<p style=\"text-align: center;\"><strong>Mika Heittola<br \/>\n<\/strong>kuvaaja, valaisija,<br \/>\n+358\u00a040 7016765<br \/>\nmika.heittola\u00a0( at ) mediagents.fi<\/p>\n<p style=\"text-align: center;\"><strong>Jan\u00a0Marjotie<\/strong><br \/>\nkuvaaja, valaisija,<br \/>\nSteadycam, moottorikelkat, m\u00f6nkij\u00e4t<br \/>\n+358 40 8691269<br \/>\njan.marjotie\u00a0( at ) mediagents.fi<\/p>\n<p style=\"text-align: center;\"><strong>Sakke Kantosalo<\/strong><br \/>\nkuvaaja, valaisija,\u00a0Drone operator<br \/>\n+358 400 450081<br \/>\nsakke.kantosalo ( at ) mediagents.fi<\/p>\n<p style=\"text-align: center;\"><strong>Kimmo Kosonen\u00a0<\/strong><br \/>\nkuvaaja, valaisija,\u00a0Drone operator, sukelluskuvaus<br \/>\n+358 50 3512598<br \/>\nkimmo.kosonen ( at ) mediagents.fi<\/p>\n<p style=\"text-align: center;\"><strong>Eero Poskela<br \/>\n<\/strong>kuvaaja, kamera-assistentti, valaisija<br \/>\n+358 40 5670872<br \/>\neero.poskela ( at ) mediagents.fi<\/p>\n<p style=\"text-align: center;\"><strong>Raimo Pesola<br \/>\n<\/strong>kuvaaja, valaisija<br \/>\n+358 40 5870346<br \/>\nraimo.pesola ( at ) mediagents.fi<\/p>\n<p style=\"text-align: center;\"><strong>Harri V\u00e4\u00e4t\u00e4nen\u00a0<\/strong><br \/>\nkuvaaja, valaisija<br \/>\n+358\u00a0400 310000<br \/>\nharri.vaatanen ( at ) mediagents.fi<\/p>\n<p style=\"text-align: center;\">***<\/p>\n<p style=\"text-align: center;\"><strong>&#8221;MUOTOILUA\u00a0JA SUUNNITTELUA&#8221;<\/strong><\/p>\n<p style=\"text-align: center;\"><strong>Jouni Mervas<br \/>\n<\/strong>pukusuunnittelija, j\u00e4rjest\u00e4j\u00e4<br \/>\n+358 40\u00a07052511<\/p>\n<p style=\"text-align: center;\">***<\/p>\n<p style=\"text-align: center;\">***<\/p>\n<p style=\"text-align: center;\">Yleiset s\u00e4hk\u00f6postiosoitteet:<br \/>\ninfo ( at ) mediagents.fi<\/p>\n<\/div>\n<p align=\"left\">\n","protected":false},"excerpt":{"rendered":"<p>L\u00f6yd\u00e4t Mediagentsit Oulunkyl\u00e4st\u00e4, aivan juna-aseman vierest\u00e4 Monimediatalo Mediagents Oy Larin Ky\u00f6stin tie 7 00650 Helsinki Y-tunnus: 1617185-9 \u00a0 *** &#8221;TIETOA JA PL\u00c4N\u00c4YST\u00c4&#8221; Jukka-Pekka Siberg hallinto, tuottaja +358 44 368 6388 jukka-pekka.siberg ( at ) mediagents.fi Thelma Siberg n\u00e4yttelij\u00e4, tuotantoasistentti ja apulaistuottaja +358 400 754 824 thelma.siberg ( at ) mediagents.fi<\/p>\n","protected":false},"author":1,"featured_media":58,"parent":0,"menu_order":0,"comment_status":"closed","ping_status":"closed","template":"template-fullwidth.php","meta":[],"_links":{"self":[{"href":"http:\/\/mediagents.fi\/mediagents\/wp-json\/wp\/v2\/pages\/8"}],"collection":[{"href":"http:\/\/mediagents.fi\/mediagents\/wp-json\/wp\/v2\/pages"}],"about":[{"href":"http:\/\/mediagents.fi\/mediagents\/wp-json\/wp\/v2\/types\/page"}],"author":[{"embeddable":true,"href":"http:\/\/mediagents.fi\/mediagents\/wp-json\/wp\/v2\/users\/1"}],"replies":[{"embeddable":true,"href":"http:\/\/mediagents.fi\/mediagents\/wp-json\/wp\/v2\/comments?post=8"}],"version-history":[{"count":78,"href":"http:\/\/mediagents.fi\/mediagents\/wp-json\/wp\/v2\/pages\/8\/revisions"}],"predecessor-version":[{"id":747,"href":"http:\/\/mediagents.fi\/mediagents\/wp-json\/wp\/v2\/pages\/8\/revisions\/747"}],"wp:featuredmedia":[{"embeddable":true,"href":"http:\/\/mediagents.fi\/mediagents\/wp-json\/wp\/v2\/media\/58"}],"wp:attachment":[{"href":"http:\/\/mediagents.fi\/mediagents\/wp-json\/wp\/v2\/media?parent=8"}],"curies":[{"name":"wp","href":"https:\/\/api.w.org\/{rel}","templated":true}]}}